{"id":2900,"date":"2022-10-26T21:57:45","date_gmt":"2022-10-26T20:57:45","guid":{"rendered":"https:\/\/healthyworkplace.ie\/areas\/nasc-pobail\/acmhainni-bia-slaintiuil\/"},"modified":"2023-05-05T16:36:06","modified_gmt":"2023-05-05T15:36:06","slug":"acmhainni-bia-slaintiuil","status":"publish","type":"areas","link":"https:\/\/healthyworkplace.ie\/ga\/areas\/nasc-pobail\/acmhainni-bia-slaintiuil\/","title":{"rendered":"Acmhainn\u00ed- Bia Sl\u00e1inti\u00fail"},"content":{"rendered":"\n<p>Is cuma m\u00e1s eagra\u00edocht mh\u00f3r, bheag n\u00f3 mhe\u00e1nmh\u00e9ide, poibl\u00ed n\u00f3 pr\u00edobh\u00e1ideach \u00ed d\u2019eagra\u00edocht, t\u00e1 eagra\u00edochta\u00ed \u00c9ireannacha ann ar f\u00e9idir leo spreagadh, taca\u00edocht agus deiseanna l\u00edonraithe a thairiscint. T\u00e1 roinnt eagra\u00edochta\u00ed curtha san \u00e1ireamh againn a bhf\u00e9adfaidh t\u00fa teagmh\u00e1il a dh\u00e9anamh leo chun cabhr\u00fa leat ar do thuras chun Ionad Oibre Sl\u00e1inti\u00fail a bhaint amach.<\/p>\n","protected":false},"excerpt":{"rendered":"<p>Is cuma m\u00e1s eagra\u00edocht mh\u00f3r, bheag n\u00f3 mhe\u00e1nmh\u00e9ide, poibl\u00ed n\u00f3 pr\u00edobh\u00e1ideach \u00ed d\u2019eagra\u00edocht, t\u00e1 eagra\u00edochta\u00ed \u00c9ireannacha ann ar f\u00e9idir leo spreagadh, taca\u00edocht agus deiseanna l\u00edonraithe a thairiscint. T\u00e1 roinnt eagra\u00edochta\u00ed &hellip;<\/p>\n","protected":false},"featured_media":0,"parent":2894,"menu_order":84,"template":"","meta":{"_acf_changed":false,"inline_featured_image":false,"_monsterinsights_skip_tracking":false,"_monsterinsights_sitenote_active":false,"_monsterinsights_sitenote_note":"","_monsterinsights_sitenote_category":0,"_EventAllDay":false,"_EventTimezone":"","_EventStartDate":"","_EventEndDate":"","_EventStartDateUTC":"","_EventEndDateUTC":"","_EventShowMap":false,"_EventShowMapLink":false,"_EventURL":"","_EventCost":"","_EventCostDescription":"","_EventCurrencySymbol":"","_EventCurrencyCode":"","_EventCurrencyPosition":"","_EventDateTimeSeparator":"","_EventTimeRangeSeparator":"","_EventOrganizerID":[],"_EventVenueID":[],"_OrganizerEmail":"","_OrganizerPhone":"","_OrganizerWebsite":"","_VenueAddress":"","_VenueCity":"","_VenueCountry":"","_VenueProvince":"","_VenueState":"","_VenueZip":"","_VenuePhone":"","_VenueURL":"","_VenueStateProvince":"","_VenueLat":"","_VenueLng":"","_VenueShowMap":false,"_VenueShowMapLink":false,"footnotes":""},"class_list":["post-2900","areas","type-areas","status-publish","hentry"],"acf":[],"yoast_head":"<!-- This site is optimized with the Yoast SEO plugin v27.4 - https:\/\/yoast.com\/product\/yoast-seo-wordpress\/ -->\n<title>Acmhainn\u00ed- Bia Sl\u00e1inti\u00fail - Healthy Workplace Ireland<\/title>\n<meta name=\"description\" content=\"Is cuma m\u00e1s eagra\u00edocht mh\u00f3r, bheag n\u00f3 mhe\u00e1nmh\u00e9ide, poibl\u00ed n\u00f3 pr\u00edobh\u00e1ideach \u00ed d\u2019eagra\u00edocht, t\u00e1 eagra\u00edochta\u00ed \u00c9ireannacha ann ar f\u00e9idir leo spreagadh,\" \/>\n<meta name=\"robots\" content=\"index, follow, max-snippet:-1, max-image-preview:large, max-video-preview:-1\" \/>\n<link rel=\"canonical\" href=\"https:\/\/healthyworkplace.ie\/ga\/areas\/nasc-pobail\/acmhainni-bia-slaintiuil\/\" \/>\n<meta property=\"og:locale\" content=\"ga_IE\" \/>\n<meta property=\"og:type\" content=\"article\" \/>\n<meta property=\"og:title\" content=\"Acmhainn\u00ed- Bia Sl\u00e1inti\u00fail - Healthy Workplace Ireland\" \/>\n<meta property=\"og:description\" content=\"Is cuma m\u00e1s eagra\u00edocht mh\u00f3r, bheag n\u00f3 mhe\u00e1nmh\u00e9ide, poibl\u00ed n\u00f3 pr\u00edobh\u00e1ideach \u00ed d\u2019eagra\u00edocht, t\u00e1 eagra\u00edochta\u00ed \u00c9ireannacha ann ar f\u00e9idir leo spreagadh,\" \/>\n<meta property=\"og:url\" content=\"https:\/\/healthyworkplace.ie\/ga\/areas\/nasc-pobail\/acmhainni-bia-slaintiuil\/\" \/>\n<meta property=\"og:site_name\" content=\"Healthy Workplace Ireland\" \/>\n<meta property=\"article:modified_time\" content=\"2023-05-05T15:36:06+00:00\" \/>\n<meta name=\"twitter:card\" content=\"summary_large_image\" \/>\n<script type=\"application\/ld+json\" class=\"yoast-schema-graph\">{\"@context\":\"https:\\\/\\\/schema.org\",\"@graph\":[{\"@type\":\"WebPage\",\"@id\":\"https:\\\/\\\/healthyworkplace.ie\\\/ga\\\/areas\\\/nasc-pobail\\\/acmhainni-bia-slaintiuil\\\/\",\"url\":\"https:\\\/\\\/healthyworkplace.ie\\\/ga\\\/areas\\\/nasc-pobail\\\/acmhainni-bia-slaintiuil\\\/\",\"name\":\"Acmhainn\u00ed- Bia Sl\u00e1inti\u00fail - Healthy Workplace Ireland\",\"isPartOf\":{\"@id\":\"https:\\\/\\\/healthyworkplace.ie\\\/ga\\\/#website\"},\"datePublished\":\"2022-10-26T20:57:45+00:00\",\"dateModified\":\"2023-05-05T15:36:06+00:00\",\"description\":\"Is cuma m\u00e1s eagra\u00edocht mh\u00f3r, bheag n\u00f3 mhe\u00e1nmh\u00e9ide, poibl\u00ed n\u00f3 pr\u00edobh\u00e1ideach \u00ed d\u2019eagra\u00edocht, t\u00e1 eagra\u00edochta\u00ed \u00c9ireannacha ann ar f\u00e9idir leo spreagadh,\",\"breadcrumb\":{\"@id\":\"https:\\\/\\\/healthyworkplace.ie\\\/ga\\\/areas\\\/nasc-pobail\\\/acmhainni-bia-slaintiuil\\\/#breadcrumb\"},\"inLanguage\":\"ga-IE\",\"potentialAction\":[{\"@type\":\"ReadAction\",\"target\":[\"https:\\\/\\\/healthyworkplace.ie\\\/ga\\\/areas\\\/nasc-pobail\\\/acmhainni-bia-slaintiuil\\\/\"]}]},{\"@type\":\"BreadcrumbList\",\"@id\":\"https:\\\/\\\/healthyworkplace.ie\\\/ga\\\/areas\\\/nasc-pobail\\\/acmhainni-bia-slaintiuil\\\/#breadcrumb\",\"itemListElement\":[{\"@type\":\"ListItem\",\"position\":1,\"name\":\"Baile\",\"item\":\"https:\\\/\\\/healthyworkplace.ie\\\/ga\\\/\"},{\"@type\":\"ListItem\",\"position\":2,\"name\":\"Foll\u00e1ine san Obair\",\"item\":\"https:\\\/\\\/healthyworkplace.ie\\\/ga\\\/areas\\\/\"},{\"@type\":\"ListItem\",\"position\":3,\"name\":\"Naisc Phobail\",\"item\":\"https:\\\/\\\/healthyworkplace.ie\\\/ga\\\/areas\\\/community-links\\\/\"},{\"@type\":\"ListItem\",\"position\":4,\"name\":\"Acmhainn\u00ed- Bia Sl\u00e1inti\u00fail\"}]},{\"@type\":\"WebSite\",\"@id\":\"https:\\\/\\\/healthyworkplace.ie\\\/ga\\\/#website\",\"url\":\"https:\\\/\\\/healthyworkplace.ie\\\/ga\\\/\",\"name\":\"Healthy Ireland @ Work\",\"description\":\"Sl\u00e1inte agus foll\u00e1ine oibrithe a chur chun cinn laistigh de gach ionad oibre\",\"publisher\":{\"@id\":\"https:\\\/\\\/healthyworkplace.ie\\\/ga\\\/#organization\"},\"alternateName\":\"Healthy Workplace\",\"potentialAction\":[{\"@type\":\"SearchAction\",\"target\":{\"@type\":\"EntryPoint\",\"urlTemplate\":\"https:\\\/\\\/healthyworkplace.ie\\\/ga\\\/?s={search_term_string}\"},\"query-input\":{\"@type\":\"PropertyValueSpecification\",\"valueRequired\":true,\"valueName\":\"search_term_string\"}}],\"inLanguage\":\"ga-IE\"},{\"@type\":\"Organization\",\"@id\":\"https:\\\/\\\/healthyworkplace.ie\\\/ga\\\/#organization\",\"name\":\"Healthy Workplace Ireland\",\"url\":\"https:\\\/\\\/healthyworkplace.ie\\\/ga\\\/\",\"logo\":{\"@type\":\"ImageObject\",\"inLanguage\":\"ga-IE\",\"@id\":\"https:\\\/\\\/healthyworkplace.ie\\\/ga\\\/#\\\/schema\\\/logo\\\/image\\\/\",\"url\":\"https:\\\/\\\/healthyworkplace.ie\\\/wp-content\\\/uploads\\\/2022\\\/06\\\/healthyucd-HealthyIreland3.png\",\"contentUrl\":\"https:\\\/\\\/healthyworkplace.ie\\\/wp-content\\\/uploads\\\/2022\\\/06\\\/healthyucd-HealthyIreland3.png\",\"width\":150,\"height\":150,\"caption\":\"Healthy Workplace Ireland\"},\"image\":{\"@id\":\"https:\\\/\\\/healthyworkplace.ie\\\/ga\\\/#\\\/schema\\\/logo\\\/image\\\/\"}}]}<\/script>\n<!-- \/ Yoast SEO plugin. -->","yoast_head_json":{"title":"Acmhainn\u00ed- Bia Sl\u00e1inti\u00fail - Healthy Workplace Ireland","description":"Is cuma m\u00e1s eagra\u00edocht mh\u00f3r, bheag n\u00f3 mhe\u00e1nmh\u00e9ide, poibl\u00ed n\u00f3 pr\u00edobh\u00e1ideach \u00ed d\u2019eagra\u00edocht, t\u00e1 eagra\u00edochta\u00ed \u00c9ireannacha ann ar f\u00e9idir leo spreagadh,","robots":{"index":"index","follow":"follow","max-snippet":"max-snippet:-1","max-image-preview":"max-image-preview:large","max-video-preview":"max-video-preview:-1"},"canonical":"https:\/\/healthyworkplace.ie\/ga\/areas\/nasc-pobail\/acmhainni-bia-slaintiuil\/","og_locale":"ga_IE","og_type":"article","og_title":"Acmhainn\u00ed- Bia Sl\u00e1inti\u00fail - Healthy Workplace Ireland","og_description":"Is cuma m\u00e1s eagra\u00edocht mh\u00f3r, bheag n\u00f3 mhe\u00e1nmh\u00e9ide, poibl\u00ed n\u00f3 pr\u00edobh\u00e1ideach \u00ed d\u2019eagra\u00edocht, t\u00e1 eagra\u00edochta\u00ed \u00c9ireannacha ann ar f\u00e9idir leo spreagadh,","og_url":"https:\/\/healthyworkplace.ie\/ga\/areas\/nasc-pobail\/acmhainni-bia-slaintiuil\/","og_site_name":"Healthy Workplace Ireland","article_modified_time":"2023-05-05T15:36:06+00:00","twitter_card":"summary_large_image","schema":{"@context":"https:\/\/schema.org","@graph":[{"@type":"WebPage","@id":"https:\/\/healthyworkplace.ie\/ga\/areas\/nasc-pobail\/acmhainni-bia-slaintiuil\/","url":"https:\/\/healthyworkplace.ie\/ga\/areas\/nasc-pobail\/acmhainni-bia-slaintiuil\/","name":"Acmhainn\u00ed- Bia Sl\u00e1inti\u00fail - Healthy Workplace Ireland","isPartOf":{"@id":"https:\/\/healthyworkplace.ie\/ga\/#website"},"datePublished":"2022-10-26T20:57:45+00:00","dateModified":"2023-05-05T15:36:06+00:00","description":"Is cuma m\u00e1s eagra\u00edocht mh\u00f3r, bheag n\u00f3 mhe\u00e1nmh\u00e9ide, poibl\u00ed n\u00f3 pr\u00edobh\u00e1ideach \u00ed d\u2019eagra\u00edocht, t\u00e1 eagra\u00edochta\u00ed \u00c9ireannacha ann ar f\u00e9idir leo spreagadh,","breadcrumb":{"@id":"https:\/\/healthyworkplace.ie\/ga\/areas\/nasc-pobail\/acmhainni-bia-slaintiuil\/#breadcrumb"},"inLanguage":"ga-IE","potentialAction":[{"@type":"ReadAction","target":["https:\/\/healthyworkplace.ie\/ga\/areas\/nasc-pobail\/acmhainni-bia-slaintiuil\/"]}]},{"@type":"BreadcrumbList","@id":"https:\/\/healthyworkplace.ie\/ga\/areas\/nasc-pobail\/acmhainni-bia-slaintiuil\/#breadcrumb","itemListElement":[{"@type":"ListItem","position":1,"name":"Baile","item":"https:\/\/healthyworkplace.ie\/ga\/"},{"@type":"ListItem","position":2,"name":"Foll\u00e1ine san Obair","item":"https:\/\/healthyworkplace.ie\/ga\/areas\/"},{"@type":"ListItem","position":3,"name":"Naisc Phobail","item":"https:\/\/healthyworkplace.ie\/ga\/areas\/community-links\/"},{"@type":"ListItem","position":4,"name":"Acmhainn\u00ed- Bia Sl\u00e1inti\u00fail"}]},{"@type":"WebSite","@id":"https:\/\/healthyworkplace.ie\/ga\/#website","url":"https:\/\/healthyworkplace.ie\/ga\/","name":"Healthy Ireland @ Work","description":"Sl\u00e1inte agus foll\u00e1ine oibrithe a chur chun cinn laistigh de gach ionad oibre","publisher":{"@id":"https:\/\/healthyworkplace.ie\/ga\/#organization"},"alternateName":"Healthy Workplace","potentialAction":[{"@type":"SearchAction","target":{"@type":"EntryPoint","urlTemplate":"https:\/\/healthyworkplace.ie\/ga\/?s={search_term_string}"},"query-input":{"@type":"PropertyValueSpecification","valueRequired":true,"valueName":"search_term_string"}}],"inLanguage":"ga-IE"},{"@type":"Organization","@id":"https:\/\/healthyworkplace.ie\/ga\/#organization","name":"Healthy Workplace Ireland","url":"https:\/\/healthyworkplace.ie\/ga\/","logo":{"@type":"ImageObject","inLanguage":"ga-IE","@id":"https:\/\/healthyworkplace.ie\/ga\/#\/schema\/logo\/image\/","url":"https:\/\/healthyworkplace.ie\/wp-content\/uploads\/2022\/06\/healthyucd-HealthyIreland3.png","contentUrl":"https:\/\/healthyworkplace.ie\/wp-content\/uploads\/2022\/06\/healthyucd-HealthyIreland3.png","width":150,"height":150,"caption":"Healthy Workplace Ireland"},"image":{"@id":"https:\/\/healthyworkplace.ie\/ga\/#\/schema\/logo\/image\/"}}]}},"_links":{"self":[{"href":"https:\/\/healthyworkplace.ie\/ga\/wp-json\/wp\/v2\/areas\/2900","targetHints":{"allow":["GET"]}}],"collection":[{"href":"https:\/\/healthyworkplace.ie\/ga\/wp-json\/wp\/v2\/areas"}],"about":[{"href":"https:\/\/healthyworkplace.ie\/ga\/wp-json\/wp\/v2\/types\/areas"}],"version-history":[{"count":3,"href":"https:\/\/healthyworkplace.ie\/ga\/wp-json\/wp\/v2\/areas\/2900\/revisions"}],"predecessor-version":[{"id":2915,"href":"https:\/\/healthyworkplace.ie\/ga\/wp-json\/wp\/v2\/areas\/2900\/revisions\/2915"}],"up":[{"embeddable":true,"href":"https:\/\/healthyworkplace.ie\/ga\/wp-json\/wp\/v2\/areas\/2894"}],"wp:attachment":[{"href":"https:\/\/healthyworkplace.ie\/ga\/wp-json\/wp\/v2\/media?parent=2900"}],"curies":[{"name":"wp","href":"https:\/\/api.w.org\/{rel}","templated":true}]}}

Acmhainní- Bia Sláintiúil

<p>Is cuma más eagraíocht mhór, bheag nó mheánmhéide, poiblí nó príobháideach í d’eagraíocht, tá eagraíochtaí Éireannacha ann ar féidir leo spreagadh, tacaíocht agus deiseanna líonraithe a thairiscint. Tá roinnt eagraíochtaí curtha san áireamh againn a bhféadfaidh tú teagmháil a dhéanamh leo chun cabhrú leat ar do thuras chun Ionad Oibre Sláintiúil a bhaint amach.</p>

<p>Is cuma más eagraíocht mhór, bheag nó mheánmhéide, poiblí nó príobháideach í d’eagraíocht, tá eagraíochtaí Éireannacha ann ar féidir leo spreagadh, tacaíocht agus deiseanna líonraithe a thairiscint. Tá roinnt eagraíochtaí &hellip;</p>

<!-- This site is optimized with the Yoast SEO plugin v27.4 - https://yoast.com/product/yoast-seo-wordpress/ -->
<title>Acmhainní- Bia Sláintiúil - Healthy Workplace Ireland</title>
<meta name="description" content="Is cuma más eagraíocht mhór, bheag nó mheánmhéide, poiblí nó príobháideach í d’eagraíocht, tá eagraíochtaí Éireannacha ann ar féidir leo spreagadh," />
<meta name="robots" content="index, follow, max-snippet:-1, max-image-preview:large, max-video-preview:-1" />
<link rel="canonical" href="https://healthyworkplace.ie/ga/areas/nasc-pobail/acmhainni-bia-slaintiuil/" />
<meta property="og:locale" content="ga_IE" />
<meta property="og:type" content="article" />
<meta property="og:title" content="Acmhainní- Bia Sláintiúil - Healthy Workplace Ireland" />
<meta property="og:description" content="Is cuma más eagraíocht mhór, bheag nó mheánmhéide, poiblí nó príobháideach í d’eagraíocht, tá eagraíochtaí Éireannacha ann ar féidir leo spreagadh," />
<meta property="og:url" content="https://healthyworkplace.ie/ga/areas/nasc-pobail/acmhainni-bia-slaintiuil/" />
<meta property="og:site_name" content="Healthy Workplace Ireland" />
<meta property="article:modified_time" content="2023-05-05T15:36:06+00:00" />
<meta name="twitter:card" content="summary_large_image" />
<script type="application/ld+json" class="yoast-schema-graph">{"@context":"https:\/\/schema.org","@graph":[{"@type":"WebPage","@id":"https:\/\/healthyworkplace.ie\/ga\/areas\/nasc-pobail\/acmhainni-bia-slaintiuil\/","url":"https:\/\/healthyworkplace.ie\/ga\/areas\/nasc-pobail\/acmhainni-bia-slaintiuil\/","name":"Acmhainní- Bia Sláintiúil - Healthy Workplace Ireland","isPartOf":{"@id":"https:\/\/healthyworkplace.ie\/ga\/#website"},"datePublished":"2022-10-26T20:57:45+00:00","dateModified":"2023-05-05T15:36:06+00:00","description":"Is cuma más eagraíocht mhór, bheag nó mheánmhéide, poiblí nó príobháideach í d’eagraíocht, tá eagraíochtaí Éireannacha ann ar féidir leo spreagadh,","breadcrumb":{"@id":"https:\/\/healthyworkplace.ie\/ga\/areas\/nasc-pobail\/acmhainni-bia-slaintiuil\/#breadcrumb"},"inLanguage":"ga-IE","potentialAction":[{"@type":"ReadAction","target":["https:\/\/healthyworkplace.ie\/ga\/areas\/nasc-pobail\/acmhainni-bia-slaintiuil\/"]}]},{"@type":"BreadcrumbList","@id":"https:\/\/healthyworkplace.ie\/ga\/areas\/nasc-pobail\/acmhainni-bia-slaintiuil\/#breadcrumb","itemListElement":[{"@type":"ListItem","position":1,"name":"Baile","item":"https:\/\/healthyworkplace.ie\/ga\/"},{"@type":"ListItem","position":2,"name":"Folláine san Obair","item":"https:\/\/healthyworkplace.ie\/ga\/areas\/"},{"@type":"ListItem","position":3,"name":"Naisc Phobail","item":"https:\/\/healthyworkplace.ie\/ga\/areas\/community-links\/"},{"@type":"ListItem","position":4,"name":"Acmhainní- Bia Sláintiúil"}]},{"@type":"WebSite","@id":"https:\/\/healthyworkplace.ie\/ga\/#website","url":"https:\/\/healthyworkplace.ie\/ga\/","name":"Healthy Ireland @ Work","description":"Sláinte agus folláine oibrithe a chur chun cinn laistigh de gach ionad oibre","publisher":{"@id":"https:\/\/healthyworkplace.ie\/ga\/#organization"},"alternateName":"Healthy Workplace","potentialAction":[{"@type":"SearchAction","target":{"@type":"EntryPoint","urlTemplate":"https:\/\/healthyworkplace.ie\/ga\/?s={search_term_string}"},"query-input":{"@type":"PropertyValueSpecification","valueRequired":true,"valueName":"search_term_string"}}],"inLanguage":"ga-IE"},{"@type":"Organization","@id":"https:\/\/healthyworkplace.ie\/ga\/#organization","name":"Healthy Workplace Ireland","url":"https:\/\/healthyworkplace.ie\/ga\/","logo":{"@type":"ImageObject","inLanguage":"ga-IE","@id":"https:\/\/healthyworkplace.ie\/ga\/#\/schema\/logo\/image\/","url":"https:\/\/healthyworkplace.ie\/wp-content\/uploads\/2022\/06\/healthyucd-HealthyIreland3.png","contentUrl":"https:\/\/healthyworkplace.ie\/wp-content\/uploads\/2022\/06\/healthyucd-HealthyIreland3.png","width":150,"height":150,"caption":"Healthy Workplace Ireland"},"image":{"@id":"https:\/\/healthyworkplace.ie\/ga\/#\/schema\/logo\/image\/"}}]}</script>
<!-- / Yoast SEO plugin. -->

Acmhainní- Bia Sláintiúil - Healthy Workplace Ireland

Is cuma más eagraíocht mhór, bheag nó mheánmhéide, poiblí nó príobháideach í d’eagraíocht, tá eagraíochtaí Éireannacha ann ar féidir leo spreagadh,

Folláine san Obair

Sláinte agus folláine oibrithe a chur chun cinn laistigh de gach ionad oibre
